de 324?
False
Does 4 divide 17384?
True
Is 7 a factor of 1743?
True
Is 1919 a multiple of 19?
True
Is 16 a factor of 5168?
True
Does 9 divide 5030?
False
Is 33 a factor of 16855?
False
Is 13 a factor of 1079?
True
Is 1456 a multiple of 112?
True
Is 19 a factor of 17803?
True
Is 565 a multiple of 65?
False
Is 21 a factor of 168?
True
Is 114 a multiple of 19?
True
Is 31 a factor of 10974?
True
Does 7 divide 803?
False
Is 15 a multiple of 5?
True
Is 77 a factor of 18942?
True
Does 10 divide 410?
True
Does 9 divide 145?
False
Is 11 a factor of 539?
True
Is 23984 a multiple of 23?
False
Is 5 a factor of 245?
True
Does 11 divide 726?
True
Is 861 a multiple of 41?
True
Is 8121 a multiple of 22?
False
Does 13 divide 104?
True
Is 36654 a multiple of 123?
True
Is 26469 a multiple of 9?
True
Is 3 a factor of 5292?
True
Is 9207 a multiple of 33?
True
Does 27 divide 44118?
True
Is 2129 a multiple of 31?
False
Does 117 divide 1965?
False
Does 9 divide 4482?
True
Is 9814 a multiple of 14?
True
Is 110 a factor of 4892?
False
Does 10 divide 29734?
False
Is 448 a multiple of 56?
True
Is 1803 a multiple of 90?
False
Does 56 divide 9688?
True
Is 25 a factor of 425?
True
Does 54 divide 27990?
False
Is 58 a factor of 290?
True
Is 8 a multiple of 2?
True
Does 19 divide 13471?
True
Is 952 a multiple of 36?
False
Is 50070 a multiple of 22?
False
Is 1890 a multiple of 6?
True
Is 5993 a multiple of 13?
True
Is 44238 a multiple of 303?
True
Does 47 divide 1974?
True
Is 280 a multiple of 29?
False
Does 61 divide 6893?
True
Does 2 divide 981?
False
Does 57 divide 5700?
True
Is 3 a factor of 21?
True
Is 79 a factor of 10823?
True
Is 6365 a multiple of 108?
False
Is 9384 a multiple of 6?
True
Is 1550 a multiple of 89?
False
Does 278 divide 58102?
True
Is 160 a factor of 16960?
True
Does 9 divide 770?
False
Is 63 a factor of 21964?
False
Is 4438 a multiple of 7?
True
Is 126 a multiple of 9?
True
Does 108 divide 10260?
True
Is 27250 a multiple of 13?
False
Is 1491 a multiple of 7?
True
Is 12 a factor of 219?
False
Is 14139 a multiple of 9?
True
Does 162 divide 10972?
False
Is 59 a factor of 18438?
False
Is 68 a factor of 4264?
False
Does 16 divide 784?
True
Does 15 divide 42695?
False
Is 6 a factor of 99?
False
Is 9 a factor of 19728?
True
Does 3 divide 84?
True
Is 159 a factor of 6991?
False
Is 209 a factor of 14630?
True
Does 4 divide 592?
True
Is 6 a factor of 48?
True
Is 4180 a multiple of 20?
True
Is 126 a multiple of 42?
True
Is 5251 a multiple of 89?
True
Is 41 a factor of 147600?
True
Is 324 a multiple of 18?
True
Is 19 a factor of 3168?
False
Is 23 a factor of 1441?
False
Is 123 a factor of 20910?
True
Is 847 a multiple of 11?
True
Is 20 a factor of 235?
False
Is 133 a multiple of 14?
False
Is 1110 a multiple of 37?
True
Is 7 a factor of 81?
False
Is 9855 a multiple of 15?
True
Is 1251 a multiple of 19?
False
Does 22 divide 1254?
True
Is 22 a factor of 23320?
True
Is 46 a factor of 2140?
False
Is 15660 a multiple of 90?
True
Is 246 a multiple of 5?
False
Is 23 a factor of 575?
True
Does 6 divide 1692?
True
Is 1976 a multiple of 52?
True
Is 912 a multiple of 28?
False
Does 4 divide 5033?
False
Does 8 divide 27379?
False
Is 84224 a multiple of 94?
True
Does 6 divide 64?
False
Is 64 a factor of 896?
True
Does 131 divide 11073?
False
Is 65 a factor of 1708?
False
Is 7388 a multiple of 18?
False
Does 19 divide 152?
True
Is 81 a multiple of 9?
True
Is 52440 a multiple of 60?
True
Does 3 divide 198?
True
Is 4 a factor of 1167?
False
Is 1154 a multiple of 23?
False
Is 11 a factor of 14190?
True
Is 5168 a multiple of 42?
False
Is 39445 a multiple of 161?
True
Is 10500 a multiple of 8?
False
Is 7 a factor of 24?
False
Is 4 a factor of 2054?
False
Is 400 a multiple of 20?
True
Is 16 a factor of 2693?
False
Is 23 a factor of 16803?
False
Does 24 divide 1464?
True
Is 8 a factor of 2552?
True
Is 994 a multiple of 71?
True
Is 792 a multiple of 44?
True
Does 109 divide 70186?
False
Is 12 a factor of 49980?
True
Does 21 divide 168?
True
Is 4 a factor of 6260?
True
Is 18293 a multiple of 12?
False
Is 1273 a multiple of 19?
True
Does 15 divide 170?
False
Is 1268 a multiple of 14?
False
Does 9 divide 2201?
False
Is 8404 a multiple of 6?
False
Is 1124 a multiple of 18?
False
Is 9800 a multiple of 42?
False
Is 50 a multiple of 13?
False
Is 11 a factor of 70829?
True
Is 1953 a multiple of 31?
True
Does 4 divide 608?
True
Does 46 divide 12420?
True
Is 30470 a multiple of 110?
True
Is 1028 a multiple of 56?
False
Is 66 a factor of 199?
False
Does 12 divide 1164?
True
Is 10 a factor of 41360?
True
Is 4 a factor of 37?
False
Is 26728 a multiple of 9?
False
Is 10 a factor of 50?
True
Is 42 a factor of 11991?
False
Is 18 a factor of 5942?
False
Is 3285 a multiple of 15?
True
Is 50 a factor of 6900?
True
Is 8379 a multiple of 19?
True
Is 24 a factor of 16032?
True
Does 28 divide 1414?
False
Does 77 divide 49357?
True
Is 80 a multiple of 3?
False
Is 1613 a multiple of 35?
False
Is 8195 a multiple of 17?
False
Is 76396 a multiple of 14?
False
Is 13369 a multiple of 4?
False
Does 186 divide 78678?
True
Is 78 a factor of 30610?
False
Is 6 a factor of 1060?
False
Is 62 a factor of 37386?
True
Is 33 a factor of 6039?
True
Does 2 divide 256?
True
Is 25 a factor of 45575?
True
Does 3 divide 4047?
True
Does 129 divide 27060?
False
Is 2184 a multiple of 6?
True
Is 2782 a multiple of 23?
False
Does 3 divide 130?
False
Is 52 a factor of 55796?
True
Is 1203 a multiple of 72?
False
Is 2516 a multiple of 17?
True
Is 70560 a multiple of 441?
True
Does 30 divide 72340?
False
Is 1305 a multiple of 45?
True
Is 2313 a multiple of 3?
True
Is 13 a factor of 204?
False
Does 6 divide 99?
False
Is 28 a factor of 644?
True
Does 12 divide 696?
True
Does 2 divide 42?
True
Does 15 divide 765?
True
Is 1786 a multiple of 19?
True
Is 16 a factor of 43?
False
Is 3 a factor of 33?
True
Is 18 a factor of 1337?
False
Is 8 a factor of 2696?
True
Is 5200 a multiple of 13?
True
Is 12 a factor of 16249?
False
Is 6 a factor of 3972?
True
Does 11 divide 16423?
True
Does 5 divide 1835?
True
Is 54 a multiple of 3?
True
Does 31 divide 93?
True
Does 9 divide 387?
True
Is 11 a factor of 1914?
True
Is 67 a factor of 67?
True
Is 115 a multiple of 6?
False
Is 19 a factor of 1168?
False
Is 4833 a multiple of 16?
False
Is 5 a factor of 1885?
True
Is 11 a factor of 5788?
False
Is 16 a factor of 440?
False
Is 18 a factor of 9828?
True
Is 1704 a multiple of 87?
False
Is 10 a factor of 460?
True
Is 9450 a multiple of 63?
True
Is 86 a factor of 1634?
True
Does 21 divide 24?
False
Does 71 divide 10721?
True
Is 2092 a multiple of 20?
False
Is 76055 a multiple of 53?
True
Does 20 divide 2093?
False
Does 48 divide 2611?
False
Is 493 a multiple of 17?
True
Does 12 divide 138?
False
Does 12 divide 31797?
False
Does 111 divide 3441?
True
Is 180 a factor of 5775?
False
Is 18 a factor of 8586?
True
Does 59 divide 1475?
True
Is 15827 a multiple of 220?
False
Does 14 divide 14616?
True
Does 32 divide 20765?
False
Does 19 divide 17172?
False
Is 662 a multiple of 22?
False
Is 4641 a multiple of 21?
True
Does 8 divide 3768?
True
Is 4 a factor of 672?
True
Is 115 a factor of 4002?
False
Is 14 a factor of 6838?
False
Is 128 a factor of 36992?
True
Is 30485 a multiple of 335?
True
Is 8 a factor of 80?
True
Is 357 a multiple of 45?
False
Is 2165 a multiple of 15?
False
Does 28 divide 1655?
False
Is 1778 a multiple of 28?
False
Does 55 divide 10602?
False
Is 83 a factor of 38443?
False
Is 10432 a multiple of 15?
False
Does 73 divide 9855?
True
Does 55 divide 6778?
False
Does 14 divide 124?
False
Is 35 a factor of 3955?
True
Is 5369 a multiple of 6?
False
Does 48 divide 3024?
True
Is 60 a factor of 60912?
False
Is 24 a factor of 5661?
False
Is 88 a multiple of 4?
True
Is 36 a factor of 612?
True
Is 479 a multiple of 12?
False
Is 6 a factor of 767?
False
Does 14 divide 13986?
True
Is 630 a multiple of 5?
True
Does 44 divide 3520?
True
Is 201 a multiple of 3?
True
Is 30 a factor of 198?
False
Is 10 a factor of 172?
False
Is 25 a factor of 200?
True
Is 505 a multiple of 101?
True
Does 51 divide 5114?
False
Is 8 a factor of 1988?
False
Is 3195 a multiple of 185?
False
Does 40 divide 11120?
True
Is 2222 a multiple of 79?
False
Does 5 divide 155?
True
Is 66 a factor of 1980